reatest common divisor of p and 7.
7
Suppose -3*w - 1544*c + 282 = -1543*c, -w + 64 = -3*c. What is the greatest common factor of 791 and w?
7
Let d be (16/12)/((-9)/(-2 - 2860)). Calculate the greatest common divisor of 159 and d.
53
Suppose 3*d - 4*k = 467, -304 = -2*d - 3*k + 2*k. Suppose d = 4*m + t, -m - t = -6*m + 189. What is the highest common factor of 266 and m?
38
Suppose 0*n - 2*n + 4*z - 24 = 0, z = -5*n - 71. Let q = n + 22. Suppose -a + 76 = 3*r, 6*a = a + 2*r + 448. What is the highest common divisor of a and q?
8
Suppose 45*h - 30*h + 228 = 34*h. What is the greatest common divisor of h and 2172?
12
Let i(q) = 69*q - 1270. Let m be i(30). What is the highest common divisor of m and 190?
10
Suppose 4*s - 64 = -3*y, 5*y - 11 = 4*s - 75. Let l = 101070 - 100926. Calculate the greatest common factor of l and s.
16
Suppose -2*s - 1 = -7, 2*z = 2*s + 602. Suppose -5*k + 2*g + 68 = 0, -82*k + 83*k + 3*g = 34. Calculate the highest common divisor of k and z.
16
Let f(b) = b**3 + 3*b**2 - 375*b + 18. Let i be f(18). What is the greatest common divisor of i and 3000?
24
Suppose 2*r - 2*x + 3523 - 3629 = 0, -4*r + 213 = -5*x. Let k(c) = -4*c - 7. Let g be k(-5). What is the greatest common factor of r and g?
13
Let i = 10 - 5. Let g be (4/(-7)*5)/((-8)/532). Let y = 245 - g. What is the greatest common divisor of y and i?
5
Let j = 171 + -83. Calculate the greatest common divisor of j and 583.
11
Let z = -18 - -23. Suppose -4*g - 8 = 0, 5*c - 804 + 174 = -z*g. Calculate the highest common factor of 8 and c.
8
Suppose -2*c + 216 = j + 108, 20 = -5*j. Calculate the highest common divisor of c and 3486.
14
Let x(a) = 1698*a + 6*a**2 + 26 + a**2 - 25*a**2 + a**3 - 1653*a. Let s be x(15). Calculate the highest common divisor of 65 and s.
13
Suppose 3*o - 3727 = -o + 5*t, -12 = 4*t. Suppose 9*p = 5*q + 617, -4*p + 947*q + 308 = 943*q. Calculate the greatest common factor of o and p.
58
Let v = -25 + 133. Let j be 4/6*(14 + 4). Suppose 0 = 4*t + j*t - 192. What is the greatest common divisor of t and v?
12
Let k(j) = -9*j - 95. Let u(q) = -q**2 - 8*q - 15. Let p be u(-10). Let b be k(p). Calculate the greatest common divisor of 88 and b.
44
Suppose -142*y = -135*y - 4893. Suppose -4*a + y = -2*a - n, 0 = a + 5*n - 377. What is the highest common divisor of 44 and a?
44
Let o(l) = -l - 4. Let x be o(0). Let j = x + 21. Let t(h) = 58*h - 6305. Let c be t(109). Calculate the greatest common divisor of j and c.
17
Let y be -5 + 134 + -3 + 28/7. Suppose 0 = -2*u - 66 + y. Let o = -4 + 6. What is the highest common factor of o and u?
2
Let i = 65 + -44. Let t be (-9)/(-2)*70/i. Let o be t/(-10)*(-2)/3. Calculate the highest common factor of 4 and o.
1
Let s = 1 - 1. Suppose f - 60 + 12 = s. Let c = -18298 + 18310. Calculate the greatest common divisor of c and f.
12
Let i be 4/(-2)*(-4185)/10*1. Calculate the greatest common divisor of 217 and i.
31
Let b be -3 + 1 - -2 - 1. Let j = 7 - b. Suppose 374*s = 479*s - 3360. Calculate the highest common divisor of j and s.
8
Let m be 2*(-144 - 7) - 5. Let t = m + 859. What is the highest common divisor of t and 24?
24
Let g(t) be the first derivative of t**2 + 12*t - 17. Let b be g(6). Suppose 18 = 3*r - b. Calculate the greatest common divisor of r and 56.
14
Let t be (-6 - 0)*66/4. Suppose -38*x = -30*x + 712. Let c = x - t. What is the greatest common divisor of 45 and c?
5
Let s be (1 - -1735) + (26 - (34 - 16)). Calculate the greatest common factor of 16 and s.
16
Let j be 3*(112 - 48/(-3)). What is the greatest common factor of j and 12?
12
Suppose 5*h + 1 = 2*z - 0*z, -z - 7 = 5*h. Let f be 135*(14/140)/(z/(-12)). What is the highest common factor of 36 and f?
9
Let j(g) be the first derivative of -g**4/4 + 6*g**3 - 15*g**2/2 + 26*g + 33. Let l be j(17). Calculate the greatest common factor of l and 210.
30
Suppose -5*o = -25, 2*y = -2*y - o + 29. Let i be 38080/84*y/4. Calculate the highest common factor of 40 and i.
40
Suppose 117*n = 5349 + 417489. Calculate the greatest common divisor of n and 78.
26
Let v = -15200 + 15445. Calculate the highest common divisor of 3969 and v.
49
Suppose 12130 = -41*b + 36402. Calculate the greatest common factor of b and 37.
37
Suppose 0 = -4*h + 4*v + 35424, -717*h - 8865 = -718*h + 4*v. What is the greatest common factor of 26 and h?
13
Suppose 0 = -7*q + 12*q - 3*n - 319, -n - 65 = -q. Let u be (-12)/(-7) + (-2)/(-7). What is the highest common divisor of q and u?
2
Let p = 297 + -189. Suppose 3*l + 324 = 5*b, -3*b - p = -2*l - 303. Let n = -15 + 24. What is the greatest common divisor of b and n?
9
Suppose 18*t - 22 = -4. Suppose -y + 5 = 4, 5*z - 12 = -2*y. Suppose -z*x = -1 - t. Calculate the greatest common factor of x and 6.
1
Let l be (97/3 + 1)*(13 + -16). Let x = l - -124. What is the greatest common divisor of x and 32?
8
Suppose 20 = 4*r + 5*c, -3*c - 42 = 2*r - 5*r. Suppose 4*q - 9*q = 50. Let l be (4 + 5 + q)*(-4 - 1). Calculate the greatest common factor of r and l.
5
Suppose -27*c - 780 = 25*c. Let f be 3/((-54)/60)*c/2. What is the greatest common divisor of 75 and f?
25
Suppose 3*a = 109 + 191. Suppose -b = 5*d - 198, 11*d - 12*d = -3*b - 46. Calculate the greatest common factor of d and a.
20
Suppose 3*j - 7 = 8. Suppose p - 3*p + 5 = j*n, -2*n - 85 = -5*p. Suppose 3*z + p = 4*z. What is the greatest common factor of 90 and z?
15
Let q(l) = -l**3 + 22*l**2 - 16*l - 40. Let k be q(21). Let i = k - 37. What is the highest common factor of 126 and i?
14
Let y(d) = 9*d - 9. Suppose 3*m + x - 20 = 6*x, -3*m = -2*x - 17. Let j be y(m). Calculate the greatest common divisor of 18 and j.
18
Suppose t = -2*o + 462, 20*t = 4*o + 19*t - 906. Calculate the greatest common divisor of 1292 and o.
76
Suppose -3*m + 5*v + 90 = -5*m, 0 = m + 2*v + 45. Let y be (-36)/m + (76/5 - 2). What is the highest common factor of y and 938?
14
Let y be -49*((-96)/56)/3. Suppose -405 = a - y*a. What is the highest common factor of 405 and a?
15
Suppose 0*n - 3*n = 4*k - 2956, -3*k - 3*n + 2220 = 0. What is the highest common divisor of k and 828?
92
Let m be -6855*((-832)/(-20))/(-13). Calculate the highest common factor of 96 and m.
48
Let s be (6/7 - (-215)/35)*1/7. Suppose -66 = -3*d + 15. What is the highest common divisor of d and s?
1
Let t be (-8)/(-24)*9*-1. Let d be ((-62)/(-6) + t)*3. Let g(a) = -32*a + 90. Let j be g(-2). Calculate the greatest common factor of d and j.
22
Let i be (-10)/(-2) + (0 - -2). Let l = -49333 - -49592. What is the highest common divisor of l and i?
7
Suppose 6*r - 9*r + 15735 = 0. Let o be (0 - -1)/(5 + r/(-1050)). Suppose -3*h - 4*h = -o. Calculate the highest common factor of 10 and h.
10
Let v(j) = -20*j - 228. Let n be v(-11). Let p be (((-624)/10)/n)/((-12)/(-260)). Calculate the highest common divisor of p and 13.
13
Let m(u) = u**3 + 6*u**2 + 6*u - 1. Suppose 12 = 103*r - 107*r. Let y be m(r). Suppose -y*j = 3*j - 88. What is the highest common divisor of j and 8?
8
Suppose -3*p - 5*x = -701, 2*p + 150 = -2*x + 612. Let o = p + -123. What is the greatest common divisor of o and 52?
52
Let y be (-3 - 0)/(-2 - 125/(-60)). Let r be 9/y - (-6660)/16. What is the highest common factor of r and 64?
32
Let b be ((-5)/1)/((33/2505)/(-11)). What is the highest common factor of 25 and b?
25
Let v = -24521 - -24401. Suppose -378 = -4*s - 4*y + 198, -4*s + 3*y + 541 = 0. Let b = s + v. What is the greatest common factor of 133 and b?
19
Let z(g) = 33*g**2 + 3*g + 38. Let c be z(-5). Let h = -770 + c. Calculate the highest common factor of h and 507.
39
Let b(i) = 13*i**2 + 69*i - 10. Let l be b(-5). Let v be (-364)/l - (-24)/(-180). Calculate the greatest common factor of 84 and v.
12
Suppose -4*u + 1115 = -5*i, 152 = u - 5*i - 138. What is the highest common divisor of 165 and u?
55
Let w = -490 - -497. Suppose -7*j = w*j - 546. Suppose 0 = -s + 36 + 42. Calculate the greatest common factor of j and s.
39
Let s(z) = z - 17. Let j be s(-3). Let u = -11 - j. What is the greatest common divisor of u and 9?
9
Suppose 214 = 29*b + 69. Suppose 4*r - 6*r - 8 = 0, 2*a + b*r = 60. Calculate the highest common factor of 10 and a.
10
Let h be 962/(-6)*(8 - (-11)/(-1)). Suppose 111 = -1361*f + 1364*f. What is the highest common factor of f and h?